ommon divisor of 329 and 2021?
47
What is the highest common factor of 47868 and 12?
12
What is the greatest common divisor of 9688 and 112?
56
What is the greatest common factor of 7338 and 12?
6
What is the highest common divisor of 1736 and 161?
7
What is the highest common divisor of 3 and 10?
1
Calculate the highest common divisor of 811 and 1.
1
What is the highest common factor of 468 and 16?
4
What is the highest common factor of 1472 and 207?
23
What is the highest common factor of 380 and 1340?
20
Calculate the greatest common divisor of 300 and 480.
60
What is the greatest common divisor of 81 and 2025?
81
What is the greatest common divisor of 45 and 63?
9
Calculate the greatest common factor of 42 and 606.
6
Calculate the highest common divisor of 306 and 30906.
306
What is the greatest common factor of 138 and 5934?
138
Calculate the highest common divisor of 123 and 328.
41
Calculate the highest common divisor of 193 and 83569.
193
Calculate the greatest common factor of 171 and 19.
19
What is the highest common divisor of 10227 and 63?
21
What is the highest common divisor of 411 and 6?
3
What is the highest common divisor of 10 and 205?
5
Calculate the greatest common divisor of 294 and 2688.
42
Calculate the greatest common divisor of 64 and 16.
16
What is the greatest common factor of 8 and 1042?
2
What is the highest common divisor of 17 and 2125?
17
Calculate the greatest common divisor of 143 and 33.
11
Calculate the greatest common divisor of 30 and 8.
2
What is the highest common factor of 152 and 532?
76
What is the highest common factor of 1836 and 45?
9
What is the greatest common factor of 3 and 1?
1
Calculate the greatest common divisor of 5376 and 112.
112
Calculate the highest common factor of 318 and 4611.
159
What is the greatest common divisor of 36 and 14598?
18
Calculate the highest common factor of 43 and 473.
43
Calculate the highest common factor of 15 and 10.
5
What is the highest common divisor of 7 and 32?
1
What is the greatest common divisor of 207 and 6417?
207
What is the greatest common factor of 3216 and 48?
48
Calculate the highest common factor of 126 and 90.
18
Calculate the greatest common factor of 4422 and 99.
33
Calculate the highest common factor of 68 and 4.
4
Calculate the highest common factor of 1343 and 632.
79
What is the highest common factor of 42 and 132?
6
Calculate the greatest common factor of 120 and 4530.
30
Calculate the greatest common divisor of 301 and 86.
43
What is the greatest common factor of 315 and 100?
5
Calculate the highest common divisor of 351 and 81.
27
Calculate the greatest common divisor of 32 and 2.
2
Calculate the greatest common factor of 27 and 1197.
9
What is the highest common factor of 102 and 374?
34
Calculate the greatest common factor of 38 and 1.
1
What is the greatest common divisor of 33 and 1639?
11
Calculate the highest common factor of 27 and 4563.
27
Calculate the greatest common factor of 141 and 5593.
47
Calculate the highest common factor of 122 and 2.
2
What is the highest common divisor of 583 and 253?
11
What is the greatest common factor of 851 and 74?
37
Calculate the highest common divisor of 1050 and 60.
30
Calculate the highest common divisor of 8 and 3.
1
Calculate the greatest common divisor of 588 and 1092.
84
What is the highest common factor of 465 and 40?
5
Calculate the greatest common factor of 13 and 325.
13
What is the greatest common factor of 189 and 7?
7
What is the highest common factor of 429 and 156?
39
Calculate the greatest common divisor of 88 and 2376.
88
What is the greatest common divisor of 3 and 147?
3
Calculate the greatest common factor of 790 and 1343.
79
Calculate the highest common divisor of 10 and 2270.
10
Calculate the highest common divisor of 26775 and 85.
85
Calculate the highest common factor of 352 and 144.
16
What is the greatest common divisor of 3563 and 7?
7
Calculate the greatest common factor of 5372 and 68.
68
Calculate the highest common divisor of 3 and 72.
3
What is the greatest common divisor of 8 and 64?
8
What is the greatest common divisor of 1086 and 18?
6
What is the greatest common divisor of 15935 and 5?
5
Calculate the greatest common divisor of 13 and 299.
13
Calculate the highest common factor of 160 and 620.
20
Calculate the greatest common divisor of 35 and 1183.
7
What is the greatest common divisor of 42 and 63?
21
Calculate the highest common factor of 51 and 2533.
17
Calculate the highest common factor of 814 and 370.
74
Calculate the greatest common factor of 55 and 1782.
11
Calculate the greatest common factor of 4050 and 12.
6
What is the highest common divisor of 48 and 648?
24
What is the highest common factor of 23 and 253?
23
Calculate the greatest common divisor of 115 and 713.
23
What is the highest common factor of 90 and 234?
18
Calculate the greatest common factor of 22 and 726.
22
What is the greatest common factor of 649 and 11?
11
Calculate the greatest common divisor of 46 and 2806.
46
Calculate the greatest common factor of 645 and 20.
5
Calculate the highest common divisor of 12181 and 117.
13
What is the greatest common factor of 2063 and 2?
1
What is the highest common factor of 207 and 46?
23
Calculate the greatest common factor of 6 and 14.
2
What is the highest common factor of 689 and 212?
53
Calculate the greatest common factor of 8127 and 602.
301
What is the highest common divisor of 2443 and 7?
7
What is the highest common factor of 4270 and 140?
70
What is the highest common divisor of 782 and 184?
46
Calculate the highest common divisor of 205 and 328.
41
Calculate the highest common divisor of 440 and 60.
20
Calculate the greatest common factor of 2013 and 33.
33
Calculate the highest common factor of 869 and 79.
79
Calculate the greatest common factor of 1080 and 80.
40
What is the highest common factor of 102 and 6?
6
What is the greatest common divisor of 56 and 616?
56
Calculate the greatest common divisor of 69 and 516.
3
Calculate the highest common divisor of 16 and 368.
16
What is the greatest common divisor of 3 and 81?
3
Calculate the greatest common factor of 1053 and 78.
39
What is the greatest common divisor of 12 and 124?
4
Calculate the highest common divisor of 1737 and 386.
193
Calculate the highest common factor of 14 and 686.
14
Calculate the greatest common divisor of 506 and 46.
46
Calculate the highest common divisor of 260 and 156.
52
Calculate the greatest common divisor of 62 and 64.
2
What is the highest common factor of 83 and 52373?
83
Calculate the greatest common factor of 222 and 4662.
222
What is the highest common factor of 553 and 1501?
79
What is the greatest common divisor of 219 and 33?
3
Calculate the greatest common divisor of 210 and 30.
30
What is the greatest common factor of 894 and 108?
6
What is the highest common divisor of 105 and 567?
21
What is the highest common factor of 5 and 105?
5
What is the highest common divisor of 13 and 2054?
13
Calculate the highest common factor of 56646 and 108.
54
What is the highest common factor of 392 and 56?
56
What is the greatest common factor of 376 and 46436?
188
Calculate the greatest common divisor of 51 and 3264.
51
What is the highest common divisor of 44 and 858?
22
What is the greatest common factor of 10 and 35?
5
Calculate the highest common factor of 22 and 44.
22
Calculate the greatest common divisor of 460 and 4255.
115
Calculate the highest common divisor of 470 and 60.
10
What is the highest common factor of 1121 and 19?
19
Calculate the greatest common factor of 880 and 80.
80
Calculate the highest common divisor of 18 and 6234.
6
What is the greatest common divisor of 29 and 18?
1
What is the highest common factor of 34 and 1088?
34
Calculate the greatest common divisor of 372 and 4154.
62
Calculate the greatest common divisor of 253 and 391.
23
What is the greatest common divisor of 24 and 312?
24
Calculate the greatest common factor of 190 and 6878.
38
Calculate the greatest common factor of 748 and 14773.
187
Calculate the highest common factor of 2093 and 644.
161
Calculate the highest common factor of 345 and 7475.
115
What is the highest common factor of 747 and 18?
9
What is the highest common factor of 1818 and 18?
18
Wha